r + 3. Let p(z) = -5*c(z) - 6*n(z). Let m be p(0). Let y(b) = 3*b + 21. Determine y(m).
-6
Let x(u) be the first derivative of -u**7/840 + u**6/60 - 7*u**5/120 + u**4/4 - 68*u**3 + 86. Let p(g) be the third derivative of x(g). Determine p(6).
-36
Let a(u) = u**2 + 36*u - 72. Suppose 8*r + 6*r = 127*r + 4294. Give a(r).
4
Let n(y) = -3*y**3 - y. Let o = -275 + 254. Let z = -20 - o. Give n(z).
-4
Let c(y) = 66*y + 58. Let d be c(8). Let w = d - 577. Let o(f) = -f**3 + 10*f**2 - 8*f - 11. Give o(w).
-2
Let h(b) be the second derivative of 1/20*b**5 + 0*b**3 - 1/12*b**4 - 1 - 3/2*b**2 - 154*b. Suppose 10 - 1 = 3*f. Determine h(f).
15
Let y(g) = -2 + g - 2 + g**2 - 5 + 4. Suppose 0 = 11*v + 4*m - 68, 0 = 3*v + 2210*m - 2205*m - 42. Calculate y(v).
15
Let g(j) be the second derivative of j**3/2 + 5*j**2/2 - j. Let y = -57544 + 57541. Give g(y).
-4
Let k be 4 + 3 + 0 + -3. Suppose 5*b = 0, d - 2 = -0*d - k*b. Let s be (22/(-33))/(d/(-12)). Let f(r) = -r**3 + 3*r**2 + 5*r - 5. What is f(s)?
-1
Suppose -3*l + 92 = 5*i - i, 2*i = 2*l + 46. Let y = 39 - 39. Suppose i = 4*h + 5*d, -3*d - 3 = -y*d. Let j(z) = -z**2 + 6*z + 4. Calculate j(h).
-3
Let s be 18/5*(960/(-18) + 50). Let t(k) = -20*k - 253. Determine t(s).
-13
Suppose -k - 2*k = -18. Let i(l) be the first derivative of l**4/12 + l**3/6 + 9*l**2/2 + 51. Let c(a) be the second derivative of i(a). Calculate c(k).
13
Let c(a) = 11*a + 31. Suppose -84*r + 524 = 107*r + 1861. Calculate c(r).
-46
Suppose -x = u + 1, -10*x = -6*x + 2*u - 2. Let c(o) = o + 4*o**2 - 2 - 6*o**x + o**2. Suppose -5*b = -5*m + 35, -4*b - m - 1 - 2 = 0. What is c(b)?
-8
Let p(c) = -c**3 + 8*c**2 - 5*c - 11. Let r be p(7). Suppose 42 = -5*n - 4*y, -r*n - 58 = 2*n - 4*y. Let h(d) = d**3 + 11*d**2 + 12*d + 15. What is h(n)?
-5
Let c(s) = -s**3 - 6*s**2 + 6. Let u(g) = g + 32. Let k(f) = 2*f + 67. Let d(z) = 4*k(z) - 9*u(z). Let l be d(-15). What is c(l)?
-19
Let m be -24*-13*22/(-429). Let f be ((-4)/(-3))/((-2)/108). Let t be -21*(-6)/m + 9/f. Let a(n) = -n**2 - 8*n + 5. Calculate a(t).
5
Let s(t) = -t + 1. Suppose -188 = -2*v + 42. Suppose -v + 125 = 2*g. Suppose 0 = j - 1 - g. What is s(j)?
-5
Let h(u) = -35*u - 89. Suppose -74*j - 9*j - 211 = 38. Give h(j).
16
Let w(v) = v**3 - 5*v**2 + 5*v - 1. Let b be w(4). Let c(m) be the first derivative of -2*m**2 + 4*m - 27 + m**3 - 1/4*m**4. What is c(b)?
-8
Let f(p) = 3*p**2 + 3*p + 4. Suppose -t - 5*o + 13 = 0, 0*o = 2*o - 6. Let h(m) be the first derivative of 11*m**2/2 + 19*m + 3503. Let q be h(t). Give f(q).
22
Let r(a) be the third derivative of 0*a + 1/12*a**4 + 1/6*a**3 + 0 + 96*a**2. Calculate r(4).
9
Suppose 3314*j = 3590*j + 552. Let p(k) = 8*k**3 - 3*k**2 + 2*k - 1. Give p(j).
-81
Let y(g) be the second derivative of -7*g**5/20 - g**2/2 - 55*g. Suppose -o = 2*s - 3, o + 8 = 3*s + 6*o. Give y(s).
-8
Let j(q) be the second derivative of -1/12*q**4 + 94 + q**3 - 1/2*q**2 - q. Give j(4).
7
Let f(l) = l**2 + 10*l - 10. Let m be -23 + 41 + -4 + -24. Give f(m).
-10
Suppose 3*s - 19 = 5*j - 50, 0 = -s - j - 5. Let r(o) be the third derivative of o**4/24 + 4*o**3/3 + 22*o**2. What is r(s)?
1
Let c(u) = -2*u + 7. Let d(s) = -2*s + 24. Let r = 31 + -22. Let h be d(r). What is c(h)?
-5
Let j be 6/(-33) + (-48)/(-22). Let n = j + -11. Let r(d) = -3 + d**3 - 5 + 9*d**2 + 0 + 9*d**2 + 8*d - 8*d**2. Determine r(n).
1
Suppose -f + 28 = 3*k, -5*k - 2*f + 24 = -22. Let o(x) = 3*x**2 - k*x**2 + 7 - x**3 + 0*x**3 + x. Suppose 5*g + 23 = -12. What is o(g)?
0
Let y(i) be the second derivative of i**4/12 - i**3/6 + i**2/2 + 2*i. Suppose -7*h - 9 = 5*m, -m = 5*h - 5 + 14. Give y(m).
1
Let r(n) = -2*n**3 - 6*n**2 - n - 3. Let l be r(-3). Suppose l = 4*x - 1280 + 1244. Let i(o) = -o**2 + 7*o + 3. Determine i(x).
-15
Suppose -2*v - 5*i = 2, 3*v - 54*i = -51*i + 39. Let q(b) = -3*b**2 + 27*b + 34. Determine q(v).
34
Let v(o) = 137*o + 11224. Let t be v(-82). Let x(j) = -3*j**3 - 28*j**2 + 21*j + 6. Give x(t).
-4
Suppose -24 = -8*r - 8. Let l(m) = -5*m + 3. Let p(z) = -7*z + 2. Let c(k) = r*p(k) - 3*l(k). Let o be (9/(-4))/((-6)/16). Calculate c(o).
1
Let c(r) = 4*r**2 + 7*r - 11. Let l(p) = 31*p + 987. Let f be l(-32). Determine c(f).
54
Let a be -10*(8/(-28) - 3/210). Suppose -30 = 11*z + a. Let g(f) = 11*f + 1. Calculate g(z).
-32
Let g(v) = 9 - 3 - 39 + 103*v - 92*v. Determine g(3).
0
Let h(p) be the third derivative of -1/12*p**4 - 81*p**2 + 0 + 4/3*p**3 + 0*p. Determine h(-7).
22
Let n(t) = -1017*t - 1017*t + 6 - 1 + 3048*t + t**2 - 1018*t. Calculate n(2).
1
Let y = -20 + 0. Let s be (-8)/y*20/2. Let b(j) = j**3 - j**2 - 1. Let x(w) = -5*w**3 + 3*w**2 - 3*w + 4. Let q(l) = 6*b(l) + x(l). Give q(s).
2
Let q(z) = -z**3 + 7*z**2 + 9*z - 7. Let i be (-4 + 2)*42/(-2 + 4). Let v be 2 + -1 + 2 + 47. Let p = v + i. Give q(p).
1
Suppose 10*n - 22 = 8*n. Suppose n = -2*u - 3. Let k(h) = h + 3. Let v be k(u). Let c(p) = -2*p**2 - 4*p + 3. Determine c(v).
-13
Let m(y) = 2*y - 137446 + 68720 + 68722. Let j(z) = 3*z - 17. Let u be j(8). Give m(u).
10
Let n(j) = 2*j - 1. Let v(c) = -3*c - 6. Let b be v(0). Let q be 13/b + (-20)/(-120). Let w be q*(4 + 13/(-2)). Calculate n(w).
9
Let n(h) = -h**3 - 7*h**2 - 9*h + 3. Let j = -99 + 99. Suppose j = -m + 2*u - 0*u - 15, 3*u - 25 = 2*m. What is n(m)?
-2
Let y(q) = -q + 8. Let f be y(6). Let p(a) = -10*a**2 - 4*a - 3. Let v(r) = -9*r - 26*r**2 - 8 + 4*r**2 + 1. Let l(x) = 9*p(x) - 4*v(x). Determine l(f).
-7
Let f be (-3 + 4)*(-5 - (7 + -3)). Let p(r) be the first derivative of r**3/3 + 9*r**2/2 + 9*r + 106. What is p(f)?
9
Let b(s) be the second derivative of s**5/20 + s**4/4 - 5*s**3/6 - s**2/2 - 14640*s. Suppose 5 = -3*h - f - 2, -11 = 4*h + f. Give b(h).
3
Let k be (-154)/(-33)*(-12)/(-14). Let z(v) = -k - 3 + 6*v**2 + 4 - v + 4. What is z(1)?
6
Let d be (-30)/10*(-26)/3. Suppose -5*h + d - 16 = 0. Let m(w) = -33*w**2 + 4*w - w**3 - w + 13*w**h + 22*w**2. Determine m(3).
0
Let v(d) = -d**2 + 0*d + 99 + 95 - 6*d - 186. Let p be (-2)/(-4) + (-91)/14. Calculate v(p).
8
Let a(q) = -q - 1. Let w(i) = i**3 + 4*i**2 - i. Let r(d) = -2*a(d) - w(d). Let s(h) = -86*h - 4562. Let t be s(-53). Determine r(t).
-10
Let d(y) = -2*y**2 + 42*y + 332. Let o be d(-6). Let l(h) be the second derivative of -h**4/12 + h**3/6 + 5*h**2 + h + 18. Determine l(o).
-46
Let d(p) = -13*p**3 - p**2. Let w(k) = -k**2 - 1. Let c(n) = n**2 + 10*n + 12. Let a(v) = c(v) - w(v). Let b be a(-7). Let j = 40 - b. Give d(j).
12
Let x(a) = -a**3 - 6*a**2 - 5*a + 6. Let m = 217 + -208. Suppose 5*f = -16 - m. Give x(f).
6
Suppose 0 = -2*j - 0*j - 2*y - 4, 0 = 2*y - 8. Let s(q) = 8*q**3 + 2*q**2 - q - 1. Let k be s(1). Let r(b) = 3*b**2 + k*b**2 - 12*b**2 - 7 - 8*b. What is r(j)?
5
Let u be (-7 - 48/(-6))*5*2. Let q(s) = -s**3 - 9 + 11*s**2 - 2 - 8*s + 0*s**3. Calculate q(u).
9
Let n(c) = c**3 - 25*c**2 - 53*c - 19. Let k be n(27). Let g(p) = -k + 10*p + 11 + 2*p - 8*p + 3*p. Give g(3).
24
Let i(l) = -l**2 - 12*l - 8. Let f be -3*1 + (-1204)/119 + (-32)/(-272). What is i(f)?
-21
Let v(o) be the second derivative of -o**3/6 - 37*o**2/2 - 6*o + 81. Determine v(-18).
-19
Let n(y) = -y**2 - 13*y + 4. Let w be (5/(-2))/(((-7)/70)/(-1)). Let o be w/2 + 13/(-26). Determine n(o).
4
Suppose -154*b + 152*b = 1 - 7. Let o(a) = -65*a + 189. Give o(b).
-6
Let m(c) = 2*c**2 - 17*c + c**2 - 21*c + 31*c - 2*c**2 - 53. Determine m(-6).
25
Let h = -419 - -310. Let o = h + 108. Let z(k) = -9*k + 3 - 4 + 2. Determine z(o).
10
Let b be 2/(-11)*1870/(-2040). Let s(l) be the third derivative of 0 + 7/24*l**4 + b*l**3 + 0*l - l**2. Give s(-1).
-6
Let i(r) = -15*r - 5 - r**3 + 14*r + 5*r + 2*r**3 + 5*r**2. Let j = -71 - -73. Suppose 4*f - j*n + 4*n + 18 = 0, 4*f = 2*n - 14. Give i(f).
-5
Let t(b) = -11*b - 4. Let x(v) = 16*v + 6. Let q(w) = -7*t(w) - 5*x(w). Let f(j) = j**2 - 1228*j - 8644. Let a be f(-7). Give q(a).
-5
Suppose m - 3*f = 0, 4*m + 19 = -2*f - 9. Let i(s) be the second derivative of 2*s + 0 - 2/3*s**3 - 9/2*s**2. Calculate i(m).
15
Suppose -35*q + 57*q = 44*q - 220. Let b(p) = -2*p + 19. Give b(q).
-1
Let f(g) = 7*g**2 - 2*g + 4. Let x = 3484 - 3481. Determine f(x).
61
Suppose -8 = 4652*c - 4649*c + 5*k, -k = 7. Let t(d) = -d**3 + 7*d**2 + 4*d - 30. Calculate t(c).
-156
Let t(o) = -14*o. Suppose 3*j + 7 + 4 = 5*b, 0